{"id":211,"date":"2014-10-21T20:53:12","date_gmt":"2014-10-21T18:53:12","guid":{"rendered":"http:\/\/kpsg-cadolzburg.de\/WP\/?page_id=211"},"modified":"2023-03-31T00:39:55","modified_gmt":"2023-03-30T22:39:55","slug":"100m-gk-stand","status":"publish","type":"page","link":"http:\/\/kpsg-cadolzburg.de\/?page_id=211","title":{"rendered":"100m GK Stand"},"content":{"rendered":"<p><strong>Klein- und Gro\u00dfkaliberstand 25 &#8211; 100m<\/strong><\/p>\n<p>Unser 100m-Stand verf\u00fcgt \u00fcber 5 Schie\u00dfbahnen. Der Kugelfang kann variabel von 25m bis 100m verfahren werden. Die Auswertung erfolgt elektronisch, der Sch\u00fctze kann seinen Schuss sofort auf dem Monitor sehen und sich das Ergebnis \u00fcber die Auswerteger\u00e4te im \u201eLeitstand\u201c ausdrucken lassen.<\/p>\n<p>Der Kurzwaffenstand (25m) verf\u00fcgt \u00fcber sechs Schie\u00dfbahnen, davon f\u00fcnf mit Duellanlage. Ausserdem stehen Fallscheibenanlagen f\u00fcr KK und GK&nbsp; zur Verf\u00fcgung.<\/p>\n<p><img decoding=\"async\" loading=\"lazy\" class=\"aligncenter wp-image-686\" src=\"http:\/\/kpsg-cadolzburg.de\/WP\/wp-content\/uploads\/2014\/10\/50m-300x225.jpg\" alt=\"50m\" width=\"400\" height=\"300\" srcset=\"http:\/\/kpsg-cadolzburg.de\/WP\/wp-content\/uploads\/2014\/10\/50m-300x225.jpg 300w, http:\/\/kpsg-cadolzburg.de\/WP\/wp-content\/uploads\/2014\/10\/50m-768x576.jpg 768w, http:\/\/kpsg-cadolzburg.de\/WP\/wp-content\/uploads\/2014\/10\/50m-1024x768.jpg 1024w, http:\/\/kpsg-cadolzburg.de\/WP\/wp-content\/uploads\/2014\/10\/50m-200x150.jpg 200w, http:\/\/kpsg-cadolzburg.de\/WP\/wp-content\/uploads\/2014\/10\/50m-150x113.jpg 150w, http:\/\/kpsg-cadolzburg.de\/WP\/wp-content\/uploads\/2014\/10\/50m.jpg 1824w\" sizes=\"(max-width: 400px) 100vw, 400px\" \/><\/p>\n<p>Bis 2007 wurde der Stand in Eigenleistung und unter Hilfeleistung vieler Sponsoren erbaut. Hierdurch besteht die M\u00f6glichkeit die verschiedensten Kleinkaliber bzw. Gro\u00dfkaliber- Disziplinen unter einem Dach zu schie\u00dfen.<\/p>\n","protected":false},"excerpt":{"rendered":"<p>Klein- und Gro\u00dfkaliberstand 25 &#8211; 100m Unser 100m-Stand verf\u00fcgt \u00fcber 5 Schie\u00dfbahnen. Der Kugelfang kann variabel von 25m bis 100m verfahren werden. Die Auswertung erfolgt elektronisch, der Sch\u00fctze kann seinen Schuss sofort auf dem Monitor sehen und sich das Ergebnis \u00fcber die Auswerteger\u00e4te im \u201eLeitstand\u201c ausdrucken lassen. Der Kurzwaffenstand (25m)\u2026 <a class=\"continue-reading-link\" href=\"http:\/\/kpsg-cadolzburg.de\/?page_id=211\">Continue reading<\/a><\/p>\n","protected":false},"author":1,"featured_media":0,"parent":102,"menu_order":0,"comment_status":"closed","ping_status":"closed","template":"","meta":{"footnotes":""},"_links":{"self":[{"href":"http:\/\/kpsg-cadolzburg.de\/index.php?rest_route=\/wp\/v2\/pages\/211"}],"collection":[{"href":"http:\/\/kpsg-cadolzburg.de\/index.php?rest_route=\/wp\/v2\/pages"}],"about":[{"href":"http:\/\/kpsg-cadolzburg.de\/index.php?rest_route=\/wp\/v2\/types\/page"}],"author":[{"embeddable":true,"href":"http:\/\/kpsg-cadolzburg.de\/index.php?rest_route=\/wp\/v2\/users\/1"}],"replies":[{"embeddable":true,"href":"http:\/\/kpsg-cadolzburg.de\/index.php?rest_route=%2Fwp%2Fv2%2Fcomments&post=211"}],"version-history":[{"count":3,"href":"http:\/\/kpsg-cadolzburg.de\/index.php?rest_route=\/wp\/v2\/pages\/211\/revisions"}],"predecessor-version":[{"id":2137,"href":"http:\/\/kpsg-cadolzburg.de\/index.php?rest_route=\/wp\/v2\/pages\/211\/revisions\/2137"}],"up":[{"embeddable":true,"href":"http:\/\/kpsg-cadolzburg.de\/index.php?rest_route=\/wp\/v2\/pages\/102"}],"wp:attachment":[{"href":"http:\/\/kpsg-cadolzburg.de\/index.php?rest_route=%2Fwp%2Fv2%2Fmedia&parent=211"}],"curies":[{"name":"wp","href":"https:\/\/api.w.org\/{rel}","templated":true}]}}