{"id":234,"date":"2014-10-21T22:52:46","date_gmt":"2014-10-21T20:52:46","guid":{"rendered":"http:\/\/kpsg-cadolzburg.de\/WP\/?page_id=234"},"modified":"2014-10-21T23:19:34","modified_gmt":"2014-10-21T21:19:34","slug":"silhouette","status":"publish","type":"page","link":"http:\/\/kpsg-cadolzburg.de\/?page_id=234","title":{"rendered":"Silhouette KK \/ LP \/ LG"},"content":{"rendered":"<p>Auf unserem 100m-Stand haben wir die M\u00f6glichkeit die BDS-Disziplin Sihouette (Small Bore Pistol und Small Bore Rifle) zu trainieren. Es steht ein kompletter Satz Figuren und Kugelf\u00e4nge f\u00fcr beide Disziplinen zur Verf\u00fcgung.<\/p>\n<p>F\u00fcr die Luftpistolen- und Luftgewehr Silhouettendisziplinen nach IMSSU- bzw. nationalem Reglement (BDS) stehen ebenfalls komplette Figurens\u00e4tze und Kugelf\u00e4nge zur Verf\u00fcgung.<\/p>\n<div id=\"attachment_241\" style=\"width: 310px\" class=\"wp-caption alignleft\"><a href=\"http:\/\/kpsg-cadolzburg.de\/WP\/wp-content\/uploads\/2014\/10\/silh_lp1.jpg\"><img aria-describedby=\"caption-attachment-241\" decoding=\"async\" loading=\"lazy\" class=\"wp-image-241 size-medium\" src=\"http:\/\/kpsg-cadolzburg.de\/WP\/wp-content\/uploads\/2014\/10\/silh_lp1-300x200.jpg\" alt=\"silh_lp\" width=\"300\" height=\"200\" srcset=\"http:\/\/kpsg-cadolzburg.de\/WP\/wp-content\/uploads\/2014\/10\/silh_lp1-300x200.jpg 300w, http:\/\/kpsg-cadolzburg.de\/WP\/wp-content\/uploads\/2014\/10\/silh_lp1-1024x682.jpg 1024w, http:\/\/kpsg-cadolzburg.de\/WP\/wp-content\/uploads\/2014\/10\/silh_lp1-225x150.jpg 225w, http:\/\/kpsg-cadolzburg.de\/WP\/wp-content\/uploads\/2014\/10\/silh_lp1-150x100.jpg 150w, http:\/\/kpsg-cadolzburg.de\/WP\/wp-content\/uploads\/2014\/10\/silh_lp1.jpg 1296w\" sizes=\"(max-width: 300px) 100vw, 300px\" \/><\/a><p id=\"caption-attachment-241\" class=\"wp-caption-text\">Stand mit LP Silhouetten<\/p><\/div>\n<div id=\"attachment_239\" style=\"width: 310px\" class=\"wp-caption alignright\"><a href=\"http:\/\/kpsg-cadolzburg.de\/WP\/wp-content\/uploads\/2014\/10\/silh_lg1.jpg\"><img aria-describedby=\"caption-attachment-239\" decoding=\"async\" loading=\"lazy\" class=\"wp-image-239 size-medium\" src=\"http:\/\/kpsg-cadolzburg.de\/WP\/wp-content\/uploads\/2014\/10\/silh_lg1-300x200.jpg\" alt=\"silh_lg\" width=\"300\" height=\"200\" srcset=\"http:\/\/kpsg-cadolzburg.de\/WP\/wp-content\/uploads\/2014\/10\/silh_lg1-300x200.jpg 300w, http:\/\/kpsg-cadolzburg.de\/WP\/wp-content\/uploads\/2014\/10\/silh_lg1-1024x682.jpg 1024w, http:\/\/kpsg-cadolzburg.de\/WP\/wp-content\/uploads\/2014\/10\/silh_lg1-225x150.jpg 225w, http:\/\/kpsg-cadolzburg.de\/WP\/wp-content\/uploads\/2014\/10\/silh_lg1-150x100.jpg 150w, http:\/\/kpsg-cadolzburg.de\/WP\/wp-content\/uploads\/2014\/10\/silh_lg1.jpg 1296w\" sizes=\"(max-width: 300px) 100vw, 300px\" \/><\/a><p id=\"caption-attachment-239\" class=\"wp-caption-text\">Stand mit LG Silhouetten<\/p><\/div>\n<p>&nbsp;<\/p>\n<p>&nbsp;<\/p>\n<p>&nbsp;<\/p>\n<p>&nbsp;<\/p>\n<p>&nbsp;<\/p>\n<p>&nbsp;<\/p>\n<p>&nbsp;<\/p>\n<p>In unregelm\u00e4ssigen Abst\u00e4nden\u00a0veranstalten wir Wettk\u00e4mpfe in diesen Disziplinen.<\/p>\n<p><a href=\"http:\/\/kpsg-cadolzburg.de\/WP\/wp-content\/uploads\/2014\/10\/silh_lp11.jpg\"><img decoding=\"async\" loading=\"lazy\" class=\"aligncenter size-medium wp-image-243\" src=\"http:\/\/kpsg-cadolzburg.de\/WP\/wp-content\/uploads\/2014\/10\/silh_lp11-300x200.jpg\" alt=\"silh_lp1\" width=\"300\" height=\"200\" srcset=\"http:\/\/kpsg-cadolzburg.de\/WP\/wp-content\/uploads\/2014\/10\/silh_lp11-300x200.jpg 300w, http:\/\/kpsg-cadolzburg.de\/WP\/wp-content\/uploads\/2014\/10\/silh_lp11-1024x682.jpg 1024w, http:\/\/kpsg-cadolzburg.de\/WP\/wp-content\/uploads\/2014\/10\/silh_lp11-225x150.jpg 225w, http:\/\/kpsg-cadolzburg.de\/WP\/wp-content\/uploads\/2014\/10\/silh_lp11-150x100.jpg 150w, http:\/\/kpsg-cadolzburg.de\/WP\/wp-content\/uploads\/2014\/10\/silh_lp11.jpg 1296w\" sizes=\"(max-width: 300px) 100vw, 300px\" \/><\/a><\/p>\n","protected":false},"excerpt":{"rendered":"<p>Auf unserem 100m-Stand haben wir die M\u00f6glichkeit die BDS-Disziplin Sihouette (Small Bore Pistol und Small Bore Rifle) zu trainieren. Es steht ein kompletter Satz Figuren und Kugelf\u00e4nge f\u00fcr beide Disziplinen zur Verf\u00fcgung. F\u00fcr die Luftpistolen- und Luftgewehr Silhouettendisziplinen nach IMSSU- bzw. nationalem Reglement (BDS) stehen ebenfalls komplette Figurens\u00e4tze und Kugelf\u00e4nge\u2026 <a class=\"continue-reading-link\" href=\"http:\/\/kpsg-cadolzburg.de\/?page_id=234\">Continue reading<\/a><\/p>\n","protected":false},"author":1,"featured_media":0,"parent":35,"menu_order":0,"comment_status":"closed","ping_status":"closed","template":"","meta":{"footnotes":""},"_links":{"self":[{"href":"http:\/\/kpsg-cadolzburg.de\/index.php?rest_route=\/wp\/v2\/pages\/234"}],"collection":[{"href":"http:\/\/kpsg-cadolzburg.de\/index.php?rest_route=\/wp\/v2\/pages"}],"about":[{"href":"http:\/\/kpsg-cadolzburg.de\/index.php?rest_route=\/wp\/v2\/types\/page"}],"author":[{"embeddable":true,"href":"http:\/\/kpsg-cadolzburg.de\/index.php?rest_route=\/wp\/v2\/users\/1"}],"replies":[{"embeddable":true,"href":"http:\/\/kpsg-cadolzburg.de\/index.php?rest_route=%2Fwp%2Fv2%2Fcomments&post=234"}],"version-history":[{"count":6,"href":"http:\/\/kpsg-cadolzburg.de\/index.php?rest_route=\/wp\/v2\/pages\/234\/revisions"}],"predecessor-version":[{"id":245,"href":"http:\/\/kpsg-cadolzburg.de\/index.php?rest_route=\/wp\/v2\/pages\/234\/revisions\/245"}],"up":[{"embeddable":true,"href":"http:\/\/kpsg-cadolzburg.de\/index.php?rest_route=\/wp\/v2\/pages\/35"}],"wp:attachment":[{"href":"http:\/\/kpsg-cadolzburg.de\/index.php?rest_route=%2Fwp%2Fv2%2Fmedia&parent=234"}],"curies":[{"name":"wp","href":"https:\/\/api.w.org\/{rel}","templated":true}]}}