{"id":47,"date":"2014-10-17T00:26:55","date_gmt":"2014-10-16T22:26:55","guid":{"rendered":"http:\/\/kpsg-cadolzburg.de\/WP\/?page_id=47"},"modified":"2021-06-13T11:59:56","modified_gmt":"2021-06-13T09:59:56","slug":"trainingszeiten","status":"publish","type":"page","link":"http:\/\/kpsg-cadolzburg.de\/?page_id=47","title":{"rendered":"Trainingszeiten"},"content":{"rendered":"<p><strong>Trainingszeiten:<\/strong><\/p>\n<p>Wir trainieren an den Montag und Mittwoch Abenden sowie am Sonntag Vormittag. W\u00e4hrend der Sommermonate wird bei sch\u00f6nem Wetter auf unserer eigenen 70 m langen Gr\u00fcnanlage hinter dem Sch\u00fctzenheim trainiert. Bei schlechtem Wetter und in den Wintermonaten seht uns die Halle der Luftdrucksch\u00fctzen unserer Sch\u00fctzengesellschaft zur Verf\u00fcgung.<\/p>\n<p><a href=\"http:\/\/kpsg-cadolzburg.de\/WP\/wp-content\/uploads\/2014\/10\/bogen-halle.jpg\"><img decoding=\"async\" loading=\"lazy\" class=\"aligncenter wp-image-266 \" src=\"http:\/\/kpsg-cadolzburg.de\/WP\/wp-content\/uploads\/2014\/10\/bogen-halle-300x225.jpg\" alt=\"bogen-halle\" width=\"359\" height=\"269\" srcset=\"http:\/\/kpsg-cadolzburg.de\/WP\/wp-content\/uploads\/2014\/10\/bogen-halle-300x225.jpg 300w, http:\/\/kpsg-cadolzburg.de\/WP\/wp-content\/uploads\/2014\/10\/bogen-halle-1024x768.jpg 1024w, http:\/\/kpsg-cadolzburg.de\/WP\/wp-content\/uploads\/2014\/10\/bogen-halle-200x150.jpg 200w, http:\/\/kpsg-cadolzburg.de\/WP\/wp-content\/uploads\/2014\/10\/bogen-halle-150x112.jpg 150w, http:\/\/kpsg-cadolzburg.de\/WP\/wp-content\/uploads\/2014\/10\/bogen-halle.jpg 1824w\" sizes=\"(max-width: 359px) 100vw, 359px\" \/><\/a><b><\/b><\/p>\n<p><b>Sicherheitsrichtlinien beim Training:<\/b><\/p>\n<ul>\n<li>\n<div>Der Trainingsleiter sorgt f\u00fcr die Einhaltung der Sicherheitsbestimmungen. Seinen Anweisungen ist unter allen Umst\u00e4nden Folge zu leisten.<\/div>\n<\/li>\n<li>\n<div>Geschossen wird grunds\u00e4tzlich nur von der Schie\u00dflinie aus. W\u00e4hrend des Schie\u00dfens darf sich niemand vor der Schie\u00dflinie befinden.<\/div>\n<\/li>\n<li>\n<div>Befinden sich Personen im Bereich zwischen dem Ziel und der Schie\u00dflinie, oder auch hinter den Scheiben, besteht <b>Nockverbot (Einlegeverbot des Pfeiles)!!!<\/b><\/div>\n<\/li>\n<li>\n<div>Das Tragen von Ohrh\u00f6rern w\u00e4hrend des Trainings ist nicht gestattet.<\/div>\n<\/li>\n<li>\n<div>Die Teilnahme im berauschten Zustand am Training ist untersagt<\/div>\n<\/li>\n<li>\n<div>Die Verwendung von Jagdspitzen und B\u00f6gen mit mehr als 60 lbs\u00a0 Zugkraft ist nicht erlaubt.<\/div>\n<\/li>\n<\/ul>\n","protected":false},"excerpt":{"rendered":"<p>Trainingszeiten: Wir trainieren an den Montag und Mittwoch Abenden sowie am Sonntag Vormittag. W\u00e4hrend der Sommermonate wird bei sch\u00f6nem Wetter auf unserer eigenen 70 m langen Gr\u00fcnanlage hinter dem Sch\u00fctzenheim trainiert. Bei schlechtem Wetter und in den Wintermonaten seht uns die Halle der Luftdrucksch\u00fctzen unserer Sch\u00fctzengesellschaft zur Verf\u00fcgung. Sicherheitsrichtlinien beim\u2026 <a class=\"continue-reading-link\" href=\"http:\/\/kpsg-cadolzburg.de\/?page_id=47\">Continue reading<\/a><\/p>\n","protected":false},"author":3,"featured_media":0,"parent":21,"menu_order":6,"comment_status":"closed","ping_status":"closed","template":"templates\/template-page-with-intro.php","meta":{"footnotes":""},"_links":{"self":[{"href":"http:\/\/kpsg-cadolzburg.de\/index.php?rest_route=\/wp\/v2\/pages\/47"}],"collection":[{"href":"http:\/\/kpsg-cadolzburg.de\/index.php?rest_route=\/wp\/v2\/pages"}],"about":[{"href":"http:\/\/kpsg-cadolzburg.de\/index.php?rest_route=\/wp\/v2\/types\/page"}],"author":[{"embeddable":true,"href":"http:\/\/kpsg-cadolzburg.de\/index.php?rest_route=\/wp\/v2\/users\/3"}],"replies":[{"embeddable":true,"href":"http:\/\/kpsg-cadolzburg.de\/index.php?rest_route=%2Fwp%2Fv2%2Fcomments&post=47"}],"version-history":[{"count":9,"href":"http:\/\/kpsg-cadolzburg.de\/index.php?rest_route=\/wp\/v2\/pages\/47\/revisions"}],"predecessor-version":[{"id":1926,"href":"http:\/\/kpsg-cadolzburg.de\/index.php?rest_route=\/wp\/v2\/pages\/47\/revisions\/1926"}],"up":[{"embeddable":true,"href":"http:\/\/kpsg-cadolzburg.de\/index.php?rest_route=\/wp\/v2\/pages\/21"}],"wp:attachment":[{"href":"http:\/\/kpsg-cadolzburg.de\/index.php?rest_route=%2Fwp%2Fv2%2Fmedia&parent=47"}],"curies":[{"name":"wp","href":"https:\/\/api.w.org\/{rel}","templated":true}]}}