{"id":481,"date":"2015-05-01T10:38:19","date_gmt":"2015-05-01T08:38:19","guid":{"rendered":"http:\/\/kpsg-cadolzburg.de\/?page_id=481"},"modified":"2025-01-04T11:20:19","modified_gmt":"2025-01-04T09:20:19","slug":"bogenabteilung","status":"publish","type":"page","link":"http:\/\/kpsg-cadolzburg.de\/?page_id=481","title":{"rendered":"Bogenabteilung"},"content":{"rendered":"<h4><strong>Informationen zur &#8222;Bogenleidenschaft&#8220; f\u00fcr Interessierte<\/strong><\/h4>\n<div id=\"attachment_901\" style=\"width: 310px\" class=\"wp-caption alignright\"><a href=\"http:\/\/kpsg-cadolzburg.de\/WP\/wp-content\/uploads\/2017\/05\/CAM01409-2.jpg\"><img aria-describedby=\"caption-attachment-901\" decoding=\"async\" loading=\"lazy\" class=\"size-medium wp-image-901\" src=\"http:\/\/kpsg-cadolzburg.de\/WP\/wp-content\/uploads\/2017\/05\/CAM01409-2-300x205.jpg\" alt=\"\" width=\"300\" height=\"205\" srcset=\"http:\/\/kpsg-cadolzburg.de\/WP\/wp-content\/uploads\/2017\/05\/CAM01409-2-300x205.jpg 300w, http:\/\/kpsg-cadolzburg.de\/WP\/wp-content\/uploads\/2017\/05\/CAM01409-2-768x526.jpg 768w, http:\/\/kpsg-cadolzburg.de\/WP\/wp-content\/uploads\/2017\/05\/CAM01409-2-1024x701.jpg 1024w, http:\/\/kpsg-cadolzburg.de\/WP\/wp-content\/uploads\/2017\/05\/CAM01409-2-219x150.jpg 219w, http:\/\/kpsg-cadolzburg.de\/WP\/wp-content\/uploads\/2017\/05\/CAM01409-2-150x103.jpg 150w\" sizes=\"(max-width: 300px) 100vw, 300px\" \/><\/a><p id=\"caption-attachment-901\" class=\"wp-caption-text\">B\u00f6gen im &#8222;Austausch&#8220; \u00fcber Ihre Sch\u00fctzinnen und Sch\u00fctzen \ud83d\ude09<\/p><\/div>\n<ul>\n<li><span style=\"color: #000000;\"><a style=\"color: #000000;\" href=\"http:\/\/kpsg-cadolzburg.de\/WP\/wp-content\/uploads\/2017\/05\/Infoblatt-Bogenabteilung_20170528.pdf\">Infoblatt<\/a> Bogenabteilung<\/span><\/li>\n<\/ul>\n<h4><span style=\"color: #333333;\"><strong>Termine:<\/strong><\/span><\/h4>\n<ul>\n<li><a href=\"http:\/\/kpsg-cadolzburg.de\/WP\/wp-content\/uploads\/2025\/01\/250104_Abt-Kal_2025.pdf\">Abteilungskalender 2025<\/a><\/li>\n<\/ul>\n<h4><strong>Wettk\u00e4mpfe (Antr\u00e4ge, etc.)<\/strong><\/h4>\n<ul>\n<li><span style=\"color: #000000;\"><a style=\"color: #000000;\" href=\"http:\/\/kpsg-cadolzburg.de\/WP\/wp-content\/uploads\/2017\/05\/Vorschie\u00dfantrag-normal_neu.pdf\">Vorschie\u00dfantrag <\/a>(Bezirks-\/Landesmeisterschaft)<\/span><\/li>\n<li><span style=\"color: #000000;\"><a style=\"color: #000000;\" href=\"http:\/\/kpsg-cadolzburg.de\/WP\/wp-content\/uploads\/2017\/05\/ZIS-Antrag.pdf\">ZIS-Antrag<\/a><\/span><\/li>\n<\/ul>\n<h4><strong>Trainingsunterlagen:<\/strong><\/h4>\n<ul>\n<li style=\"text-align: left;\"><span style=\"color: #000000;\">\u00dcbungen zum Aufw\u00e4rmen\u00a0 &#8211;&gt; <a href=\"http:\/\/www.bb-bogenschiessen.de\/tips-und-tricks\/trainingsmethodik\/170-bb-tipp-042-tipps-fuer-das-aufwaermen.html\">hier<\/a><\/span><\/li>\n<li style=\"text-align: left;\"><span style=\"color: #000000;\"><a style=\"color: #000000;\" href=\"http:\/\/kpsg-cadolzburg.de\/WP\/wp-content\/uploads\/2015\/05\/schusszettel_30.pdf\">schusszettel_30<\/a>\u00a0(Halle)<\/span><\/li>\n<li style=\"text-align: left;\"><span style=\"color: #000000;\"><a style=\"color: #000000;\" href=\"http:\/\/kpsg-cadolzburg.de\/WP\/wp-content\/uploads\/2015\/05\/schusszettel_36.pdf\">schusszettel_36<\/a>\u00a0(Feld)<\/span><\/li>\n<\/ul>\n\n\n<h4 class=\"wp-block-heading\">Regel\u00e4nderungen Bogensport-Wettbewerbe<\/h4>\n\n\n\n<ul>\n<li><a href=\"http:\/\/kpsg-cadolzburg.de\/WP\/wp-content\/uploads\/2021\/12\/211229_Regelaenderungen_Bogen_2022-1.pdf\" target=\"_blank\" rel=\"noreferrer noopener\">\u00c4nderungen Bogensportjahr 2022 &#8211; 1<\/a><\/li>\n<\/ul>\n\n\n\n<p><\/p>\n","protected":false},"excerpt":{"rendered":"<p>Informationen zur &#8222;Bogenleidenschaft&#8220; f\u00fcr Interessierte Infoblatt Bogenabteilung Termine: Abteilungskalender 2025 Wettk\u00e4mpfe (Antr\u00e4ge, etc.) Vorschie\u00dfantrag (Bezirks-\/Landesmeisterschaft) ZIS-Antrag Trainingsunterlagen: \u00dcbungen zum Aufw\u00e4rmen\u00a0 &#8211;&gt; hier schusszettel_30\u00a0(Halle) schusszettel_36\u00a0(Feld) Regel\u00e4nderungen Bogensport-Wettbewerbe <a class=\"continue-reading-link\" href=\"http:\/\/kpsg-cadolzburg.de\/?page_id=481\">Continue reading<\/a><\/p>\n","protected":false},"author":5,"featured_media":0,"parent":448,"menu_order":2,"comment_status":"closed","ping_status":"closed","template":"","meta":{"footnotes":""},"_links":{"self":[{"href":"http:\/\/kpsg-cadolzburg.de\/index.php?rest_route=\/wp\/v2\/pages\/481"}],"collection":[{"href":"http:\/\/kpsg-cadolzburg.de\/index.php?rest_route=\/wp\/v2\/pages"}],"about":[{"href":"http:\/\/kpsg-cadolzburg.de\/index.php?rest_route=\/wp\/v2\/types\/page"}],"author":[{"embeddable":true,"href":"http:\/\/kpsg-cadolzburg.de\/index.php?rest_route=\/wp\/v2\/users\/5"}],"replies":[{"embeddable":true,"href":"http:\/\/kpsg-cadolzburg.de\/index.php?rest_route=%2Fwp%2Fv2%2Fcomments&post=481"}],"version-history":[{"count":79,"href":"http:\/\/kpsg-cadolzburg.de\/index.php?rest_route=\/wp\/v2\/pages\/481\/revisions"}],"predecessor-version":[{"id":2421,"href":"http:\/\/kpsg-cadolzburg.de\/index.php?rest_route=\/wp\/v2\/pages\/481\/revisions\/2421"}],"up":[{"embeddable":true,"href":"http:\/\/kpsg-cadolzburg.de\/index.php?rest_route=\/wp\/v2\/pages\/448"}],"wp:attachment":[{"href":"http:\/\/kpsg-cadolzburg.de\/index.php?rest_route=%2Fwp%2Fv2%2Fmedia&parent=481"}],"curies":[{"name":"wp","href":"https:\/\/api.w.org\/{rel}","templated":true}]}}