{"id":361,"date":"2014-11-04T15:03:27","date_gmt":"2014-11-04T13:03:27","guid":{"rendered":"http:\/\/kpsg-cadolzburg.de\/WP\/?page_id=361"},"modified":"2017-07-11T20:36:41","modified_gmt":"2017-07-11T18:36:41","slug":"die-abort-attentaeter","status":"publish","type":"page","link":"https:\/\/kpsg-cadolzburg.de\/?page_id=361","title":{"rendered":"Die Abort &#8211; Attent\u00e4ter"},"content":{"rendered":"<p><b>Anekdoten von anno dazumal<\/b><\/p>\n<p>Das alte Schie\u00dfhaus befand sich unmittelbar in Nachbarschaft des Friedhofes in Cadolzburg. Durch den Ausbau der Leichenhalle ergaben sich neue Sicherheitsprobleme und Sicherheitsauflagen. Davon und von einem kleinen harmlosen Spa\u00df spricht ein Artikel in der Tageszeitung vom 21. August 1909 :<\/p>\n<p><b>Die Abort &#8211; Attent\u00e4ter<\/b><\/p>\n<p>Ein Bubenst\u00fcck wurde in der Nacht vom Montag auf Dienstag ver\u00fcbt. Es wurde der am Schie\u00dfanger aufgestellte Abort f\u00fcr die bei der Friedhoferweiterung besch\u00e4ftigten Arbeiter vor die Haust\u00fcre des dortigen Unternehmers Baumeister W., gestellt, wo er in der Fr\u00fche noch stand. Die Sache d\u00fcrfte ein Nachspiel haben. Der Abort war den Sch\u00fctzen l\u00e4ngst ein Dorn im Auge; man verstieg sich sogar soweit, zu erkl\u00e4ren, sie dulden auf \u201eihrem Eigentum\u201c keinen Abort. (Haben ja gar kein Eigentum dort!) Zum Abtransport selbst waren schon handfeste, gro\u00dfe \u201eBuben\u201c notwendig. Dass sich ein anst\u00e4ndiger Arbeiter auch auf der Arbeitsstelle eines Abortes bedient, k\u00f6nnen solche Hosen &#8230; eben nicht recht begreifen.<\/p>\n<p><img decoding=\"async\" loading=\"lazy\" class=\"aligncenter size-full wp-image-362\" src=\"http:\/\/kpsg-cadolzburg.de\/WP\/wp-content\/uploads\/2014\/11\/Chronik-Anekdoten-1908.jpg\" alt=\"Chronik- Anekdoten - 1908\" width=\"400\" height=\"294\" srcset=\"https:\/\/kpsg-cadolzburg.de\/WP\/wp-content\/uploads\/2014\/11\/Chronik-Anekdoten-1908.jpg 400w, https:\/\/kpsg-cadolzburg.de\/WP\/wp-content\/uploads\/2014\/11\/Chronik-Anekdoten-1908-300x220.jpg 300w, https:\/\/kpsg-cadolzburg.de\/WP\/wp-content\/uploads\/2014\/11\/Chronik-Anekdoten-1908-204x150.jpg 204w, https:\/\/kpsg-cadolzburg.de\/WP\/wp-content\/uploads\/2014\/11\/Chronik-Anekdoten-1908-150x110.jpg 150w\" sizes=\"(max-width: 400px) 100vw, 400px\" \/><\/p>\n<p>6. September 1908 17 Mitglieder mit Fahne und Scheibe. Ob da die Abort \u2013 Attent\u00e4ter mit dabei waren ?<\/p>\n<p><strong><a href=\"http:\/\/kpsg-cadolzburg.de\/WP\/?page_id=90\">zur\u00fcck zur Chronik<\/a><\/strong><\/p>\n","protected":false},"excerpt":{"rendered":"<p>Anekdoten von anno dazumal Das alte Schie\u00dfhaus befand sich unmittelbar in Nachbarschaft des Friedhofes in Cadolzburg. Durch den Ausbau der Leichenhalle ergaben sich neue Sicherheitsprobleme und Sicherheitsauflagen. Davon und von einem kleinen harmlosen Spa\u00df spricht ein Artikel in der Tageszeitung vom 21. August 1909 : Die Abort &#8211; Attent\u00e4ter Ein\u2026 <a class=\"continue-reading-link\" href=\"https:\/\/kpsg-cadolzburg.de\/?page_id=361\">Continue reading<\/a><\/p>\n","protected":false},"author":3,"featured_media":0,"parent":90,"menu_order":0,"comment_status":"closed","ping_status":"closed","template":"","meta":{"footnotes":""},"_links":{"self":[{"href":"https:\/\/kpsg-cadolzburg.de\/index.php?rest_route=\/wp\/v2\/pages\/361"}],"collection":[{"href":"https:\/\/kpsg-cadolzburg.de\/index.php?rest_route=\/wp\/v2\/pages"}],"about":[{"href":"https:\/\/kpsg-cadolzburg.de\/index.php?rest_route=\/wp\/v2\/types\/page"}],"author":[{"embeddable":true,"href":"https:\/\/kpsg-cadolzburg.de\/index.php?rest_route=\/wp\/v2\/users\/3"}],"replies":[{"embeddable":true,"href":"https:\/\/kpsg-cadolzburg.de\/index.php?rest_route=%2Fwp%2Fv2%2Fcomments&post=361"}],"version-history":[{"count":1,"href":"https:\/\/kpsg-cadolzburg.de\/index.php?rest_route=\/wp\/v2\/pages\/361\/revisions"}],"predecessor-version":[{"id":363,"href":"https:\/\/kpsg-cadolzburg.de\/index.php?rest_route=\/wp\/v2\/pages\/361\/revisions\/363"}],"up":[{"embeddable":true,"href":"https:\/\/kpsg-cadolzburg.de\/index.php?rest_route=\/wp\/v2\/pages\/90"}],"wp:attachment":[{"href":"https:\/\/kpsg-cadolzburg.de\/index.php?rest_route=%2Fwp%2Fv2%2Fmedia&parent=361"}],"curies":[{"name":"wp","href":"https:\/\/api.w.org\/{rel}","templated":true}]}}